, what is 101201111000 - -100?
101201111100
In base 16, what is 2 + 26547?
26549
In base 14, what is 267559 + -5?
267554
In base 8, what is 266 + -7357?
-7071
In base 2, what is 100001001110101100101 + -11?
100001001110101100010
In base 2, what is -100100000100010100111 - 100?
-100100000100010101011
In base 8, what is -3 + -1112542?
-1112545
In base 10, what is -4 + -40810?
-40814
In base 8, what is -44115 + 0?
-44115
In base 11, what is -3 + -53a2?
-53a5
In base 15, what is -4 - 609c?
-60a1
In base 4, what is -3112011 + 2?
-3112003
In base 2, what is -1001110100 - 110011111?
-10000010011
In base 15, what is b + -18d11?
-18d05
In base 13, what is -bca2 + 83?
-bc1c
In base 6, what is -21 - 22542?
-23003
In base 7, what is 236 - 13045?
-12506
In base 9, what is 22534 - 2?
22532
In base 13, what is 28002 + -3?
27ccc
In base 8, what is -27665 + 13?
-27652
In base 14, what is -5 + 1178?
1173
In base 6, what is 0 + 1050401?
1050401
In base 10, what is -37427 - -12?
-37415
In base 12, what is -3a9 - -1?
-3a8
In base 9, what is 33742 + 238?
34081
In base 11, what is 2a0a + 862?
3771
In base 13, what is -c71 - 382?
-1323
In base 4, what is -321 - 11103013?
-11110000
In base 9, what is 13688 - -27?
13726
In base 10, what is -263 + -135?
-398
In base 10, what is -66694 + 59?
-66635
In base 7, what is -124 + 2445?
2321
In base 9, what is 103056 + -6?
103050
In base 15, what is 165 + 36?
19b
In base 6, what is 0 + 2145232?
2145232
In base 4, what is 3 - -20232222?
20232231
In base 2, what is -1 - 1010110011111?
-1010110100000
In base 10, what is -4459 - -5?
-4454
In base 4, what is -110230 + 2?
-110222
In base 15, what is 107d7 + 2?
107d9
In base 12, what is -5402 + -4?
-5406
In base 12, what is -593b50 - 0?
-593b50
In base 14, what is -585c + -223?
-5a81
In base 11, what is 2a175 - 43?
2a132
In base 2, what is 110000101011110101 + 1010?
110000101011111111
In base 12, what is 420b9 + 6?
42103
In base 12, what is -4 - -47267?
47263
In base 11, what is 5539 + -79?
5470
In base 16, what is 1 - -ad9f?
ada0
In base 7, what is -364341 + -2?
-364343
In base 3, what is -22112220102 + -12?
-22112220121
In base 16, what is 3 - e0cb?
-e0c8
In base 3, what is 2101010012 + -22?
2101002220
In base 11, what is 159 - -1674?
1822
In base 13, what is -3408b - -12?
-34079
In base 8, what is 23 + -17474?
-17451
In base 9, what is 13605 + 10?
13615
In base 3, what is 1112120011121 + 1?
1112120011122
In base 7, what is -1643 + 364?
-1246
In base 8, what is 3276347 + -2?
3276345
In base 11, what is -5a4 - -887?
293
In base 5, what is 2312022 + 1?
2312023
In base 11, what is 125 + -3a13?
-3899
In base 10, what is 18001 - 4?
17997
In base 4, what is -10 - -121013330?
121013320
In base 6, what is -32210 - 123?
-32333
In base 10, what is 158 + 15?
173
In base 13, what is 0 + -13c63?
-13c63
In base 15, what is 55e8 - 5?
55e3
In base 13, what is 1a484c9 - 5?
1a484c4
In base 9, what is 2 - 50731?
-50728
In base 7, what is 2442 - -1203?
3645
In base 15, what is 3abb6 - 0?
3abb6
In base 10, what is -1622 + 294?
-1328
In base 10, what is -343 - -27?
-316
In base 4, what is -11030 - -1031?
-3333
In base 5, what is 1420 - -43?
2013
In base 8, what is -3504 - -345?
-3137
In base 12, what is -562b + -25?
-5654
In base 12, what is -245b3 + -3?
-245b6
In base 16, what is -3059 + -c?
-3065
In base 16, what is -8 + -26cfe?
-26d06
In base 12, what is -171895 - -5?
-171890
In base 15, what is -6 + 3646?
3640
In base 8, what is 67547 + 12?
67561
In base 7, what is -4 + -3213?
-3220
In base 16, what is 1 + 7357f?
73580
In base 14, what is -90 + -21?
-b1
In base 15, what is 1d5 - 12ea?
-1115
In base 6, what is 53534 + -2520?
51014
In base 4, what is 10 + 20112211?
20112221
In base 10, what is 51 - 6035?
-5984
In base 16, what is 772 + -1b?
757
In base 8, what is -1 + 71060?
71057
In base 15, what is 1 + -283a?
-2839
In base 5, what is -303 + 13221?
12413
In base 15, what is -39573 - 3?
-39576
In base 11, what is 73 + -38a?
-317
In base 13, what is -8c - -173c?
1680
In base 11, what is -1 - -58824?
58823
In base 12, what is -4705 - -a?
-46b7
In base 6, what is -3343 - 1034?
-4421
In base 10, what is 5260 + -2?
5258
In base 15, what is -1ed5 - -12?
-1ec3
In base 9, what is -3 + 870370?
870366
In base 8, what is -2 + 1062612?
1062610
In base 11, what is -1810 + 95?
-1726
In base 15, what is 104 - -318?
41c
In base 11, what is -62677 + -5?
-62681
In base 9, what is -7 + -142352?
-142360
In base 10, what is 8 - -13195?
13203
In base 12, what is 5 - -795?
79a
In base 7, what is -46 - 43236?
-43315
In base 10, what is -817 + 248?
-569
In base 7, what is -1154 + -1546?
-3033
In base 14, what is 2b - -a46?
a73
In base 14, what is 3c3 - -1bb?
5a0
In base 15, what is e9d53 + 0?
e9d53
In base 12, what is 2 + -466?
-464
In base 3, what is 12121 - -12010120?
12100011
In base 11, what is 67a379 + 3?
67a381
In base 2, what is 10110111001 + -1000111?
10101110010
In base 11, what is -12422a6 - 2?
-12422a8
In base 14, what is -89828 - 4?
-8982c
In base 6, what is 5134 + -142?
4552
In base 3, what is 20 + -11212020?
-11212000
In base 10, what is -865 - 547?
-1412
In base 16, what is 5 + 3f75?
3f7a
In base 14, what is 0 + -6d31?
-6d31
In base 9, what is -62 - 21024?
-21086
In base 12, what is 526 - -14?
53a
In base 12, what is 32 + 223?
255
In base 14, what is 267 - 81?
1c6
In base 8, what is -24 + 3664?
3640
In base 13, what is aa4ba + 2?
aa4bc
In base 11, what is 58819 + -1?
58818
In base 9, what is -17632 + -6?
-17638
In base 3, what is 11202220 + 0?
11202220
In base 13, what is 167 + -18?
14c
In base 12, what is -942 - 2?
-944
In base 9, what is 3 - 3604?
-3601
In base 12, what is 96 + 355?
42b
In base 2, what is -1111100 - 1110?
-10001010
In base 2, what is -1100001001110101111010 + 100?
-1100001001110101110110
In base 9, what is -12 + 2137?
2125
In base 16, what is 1cd5 + 1b?
1cf0
In base 10, what is -792 + 386?
-406
In base 6, what is -11045 - -1?
-11044
In base 14, what is 3 - -c9d86?
c9d89
In base 11, what is 8 + 9a688?
9a695
In base 2, what is 1000010101 - 10010010?
110000011
In base 12, what is 484 + bba?
1482
In base 5, what is 334 + -4110?
-3221
In base 16, what is 8230f + -6?
82309
In base 8, what is 4 + 42461?
42465
In base 8, what is 344776 + -6?
344770
In base 11, what is 2074 - 30?
2044
In base 12, what is -33556 + 3?
-33553
In base 2, what is 110011111 - -111011000?
1101110111
In base 2, what is -11100 + -100000010001111?
-100000010101011
In base 14, what is a - -d21?
d2b
In base 6, what is -2 + 11023?
11021
In base 16, what is 2b1 + 20?
2d1
In base 8, what is -4656765 + 3?
-4656762
In base 12, what is -1049 - -2a?
-101b
In base 2, what is 100 + 1011111001000?
1011111001100
In base 10, what is 120 - -1773?
1893
In base 5, what is -243 - 1013422?
-1014220
In base 5, what is 1001 + -3042?
-2041
In base 14, what is 861 - 2bb?
584
In base 13, what is -70005 - 14?
-70019
In base 10, what is 5 + 34128?
34133
In base 12, what is 62226 - 4?
62222
In base 14, what is 25 + -a7c?
-a57
In base 9, what is -62167 - 0?
-62167
In base 5, what is -1 + -104?
-110
In base 11, what is -6737 + 3?
-6734
In base 6, what is -5 + 2342524?
2342515
In base 13, what is -7a3559 - -3?
-7a3556
In base 14, what is 369 + -79?
2d0
In base 3, what is -211 - 12121001012?
-12121002000
In base 9, what is -17621 - 5?
-17626
In base 2, what is 11 + -11111011101010101?
-11111011101010010
In base 13, what is 11a + 429?
546
In base 4, what is 0 + -2330021?
-2330021
In base 14, what is 3 + -47899?
-47896
In base 10, what is -5 - 43638?
-43643
In base 15, what is -51e9 - -4?
-51e5
In base 11, what is 3 - -8289?
8291
In base 6, what is -242 - -135?
-103
In base 12, what is 22903 - 18?
228a7
In base 10, what is 1557 + 1678?
3235
In base 5, what is 2 - 340143?
-340141
In base 10, what is -62014 - 5?
-62019
In base 4, what is -122131210033 - -10?
-122131210023
In base 10, what is 18216 - -2?
18218
In base 12, what is 5 - -9b31?
9b36
In base 4, what is 33030 - -11?
33101
In base 14, what is -20d4 + 13?
-20c1
In base 10, what is 2077 + 442?
2519
In base 3, what is 111 - 10200210?
-10200022
In base 8, what is 27154 + 2?
27156
In base 10, what is 5 - -44954?
44959
In base 13, what is 2a565 - -2?
2a567
In base 5, what is -14101113 - -2?
-14101111
In b